is -19 - a818?
-a831
In base 9, what is 0 + -747?
-747
In base 15, what is 5 + -1c74?
-1c6e
In base 10, what is 9674 - 94?
9580
In base 7, what is -1045065 - -2?
-1045063
In base 12, what is -2 - -11a75?
11a73
In base 7, what is -140322 + -56?
-140411
In base 13, what is 3c6 + -63?
363
In base 15, what is -e - -3e8?
3d9
In base 9, what is -73 + 1538?
1455
In base 2, what is 1111100100 + -101101?
1110110111
In base 2, what is -111000000110 + -10000111?
-111010001101
In base 6, what is 3 + 1301525?
1301532
In base 10, what is 58166 + -7?
58159
In base 15, what is -5 - 63b2?
-63b7
In base 9, what is -5 - 38236?
-38242
In base 15, what is 276 - 7c7?
-551
In base 3, what is -1012 + 1112101100?
1112100011
In base 2, what is 10000 + -11000001000110?
-11000000110110
In base 9, what is 5 - 70080?
-70074
In base 12, what is 1594 + -453?
1141
In base 5, what is 4 + -340043?
-340034
In base 6, what is 12 - 11524?
-11512
In base 10, what is 5 - 28098?
-28093
In base 13, what is 597 - -26?
5c0
In base 4, what is 22 - -32233?
32321
In base 15, what is 490 - -1e?
4ae
In base 16, what is -21f + -44?
-263
In base 12, what is 3b56 - 3?
3b53
In base 15, what is 6c5d - -4?
6c62
In base 11, what is 5 + -88168?
-88163
In base 12, what is 199 - 95?
104
In base 2, what is 101011101001110 - 100?
101011101001010
In base 13, what is 20a8 - -4?
20ac
In base 8, what is 221 - -74?
315
In base 9, what is 545 + -6453?
-5807
In base 2, what is -1100001110101101 - -101?
-1100001110101000
In base 6, what is 2045 + -4431?
-2342
In base 6, what is -5 + 2355303?
2355254
In base 11, what is 0 - a87?
-a87
In base 14, what is -dad - -28c?
-b21
In base 14, what is 5 - -5a3a?
5a41
In base 6, what is 101 + 115215?
115320
In base 6, what is -5 + -310541?
-310550
In base 12, what is 1 + 138876?
138877
In base 12, what is 0 + 34346a?
34346a
In base 13, what is 2 - c6b?
-c69
In base 11, what is -5 - -60682?
60678
In base 7, what is 66320 - 0?
66320
In base 10, what is 266767 + 3?
266770
In base 15, what is 18 + -42cc6?
-42cad
In base 6, what is -1 - -44403411?
44403410
In base 12, what is 4 + -b678?
-b674
In base 3, what is 22222 - -11120?
111112
In base 9, what is 485866 - 7?
485858
In base 6, what is 2 + 1240423?
1240425
In base 9, what is -147 + -755?
-1013
In base 10, what is -248208 + -3?
-248211
In base 3, what is 11 - -2022201?
2022212
In base 6, what is -2 - -1535245?
1535243
In base 4, what is 2210330 + 23?
2211013
In base 15, what is 1ad - 2d1?
-123
In base 4, what is -31212 - 12233?
-110111
In base 15, what is -47a37 + -3?
-47a3a
In base 7, what is 532 - 1255?
-423
In base 3, what is 11 - -10222202120?
10222202201
In base 11, what is -27 + -20816?
-20842
In base 16, what is d2 + -aba?
-9e8
In base 7, what is -116541 + 4?
-116534
In base 10, what is -415429 + 5?
-415424
In base 2, what is -100 + -1101110111000101?
-1101110111001001
In base 5, what is -400 + -10?
-410
In base 5, what is -10311 + 24?
-10232
In base 15, what is 1346 - -34?
137a
In base 7, what is -21055 + -6?
-21064
In base 5, what is -303242 - 14?
-303311
In base 14, what is -16451d + -5?
-164524
In base 11, what is 9482 - a?
9473
In base 2, what is -11011 - -100011011110?
100011000011
In base 11, what is -10578 - -5?
-10573
In base 3, what is 11 - 101001122?
-101001111
In base 7, what is -2241223 + -15?
-2241241
In base 6, what is 414020 - 0?
414020
In base 4, what is 210233 - -103?
211002
In base 4, what is 220232132 - 11?
220232121
In base 11, what is -1 + 633638?
633637
In base 11, what is -3084a - -8?
-30842
In base 5, what is -2 - -31243?
31241
In base 14, what is -2 - 19572?
-19574
In base 12, what is 5 - 726a0?
-72697
In base 10, what is -6088 - 29?
-6117
In base 6, what is -153 + -22332?
-22525
In base 2, what is -110 + -111100101011?
-111100110001
In base 15, what is -2c2 - 1b?
-2dd
In base 8, what is -257 - 11743?
-12222
In base 5, what is 1104122 + -10?
1104112
In base 2, what is -11011111100001101 - 1?
-11011111100001110
In base 8, what is 304 + 1034?
1340
In base 5, what is 4144222 - -104?
4144331
In base 7, what is -4 - 21042412?
-21042416
In base 16, what is a26c + -1b?
a251
In base 6, what is -5553531 - -5?
-5553522
In base 8, what is -117124 + 2?
-117122
In base 16, what is 6e - 1c2?
-154
In base 4, what is -20120 + -112231?
-133011
In base 12, what is -1a705 - 2?
-1a707
In base 4, what is 1030321311 + -2?
1030321303
In base 15, what is -50 - -2bb4?
2b64
In base 4, what is 1232021 - 120?
1231301
In base 9, what is 1 - 8748?
-8747
In base 12, what is 5 - -7315?
731a
In base 4, what is 10 + -3012221?
-3012211
In base 7, what is -3 + 341310?
341304
In base 10, what is -259251 + 2?
-259249
In base 6, what is 15 + -21305?
-21250
In base 14, what is 2b118 + 4?
2b11c
In base 8, what is 42 + 7?
51
In base 14, what is 7 - 2d83?
-2d7a
In base 12, what is -433661 + 2?
-43365b
In base 2, what is -11 - -1000111?
1000100
In base 5, what is 21231200 - -3?
21231203
In base 6, what is 205 + -25311?
-25102
In base 4, what is 11110023 - 1002?
11103021
In base 8, what is 6504 - -3?
6507
In base 5, what is -44140 + 101?
-44034
In base 2, what is 0 + 1100000011111110011?
1100000011111110011
In base 16, what is 1a019b - -5?
1a01a0
In base 9, what is 227466 + 0?
227466
In base 3, what is -10 + -210112120?
-210112200
In base 2, what is 10100100 + -1010110100?
-1000010000
In base 15, what is -21e2 - -7e?
-2163
In base 15, what is -c2be5 + 3?
-c2be2
In base 13, what is -168 - -17c8?
1660
In base 12, what is -bb9 - 11b?
-1118
In base 10, what is -91 - -17026?
16935
In base 15, what is 1 + 21a9b?
21a9c
In base 9, what is -1055 - -126?
-828
In base 8, what is -2 + 307047?
307045
In base 13, what is -271 + 38?
-236
In base 2, what is 10001 - 10001101101000?
-10001101010111
In base 9, what is 48 - -7283?
7342
In base 7, what is -2 + -4052312?
-4052314
In base 5, what is 41132 + -12?
41120
In base 11, what is -5 - 290?
-295
In base 2, what is 1000111001111001011 - -1111?
1000111001111011010
In base 2, what is -1010111 - 10101111100?
-10111010011
In base 12, what is -34875 - 0?
-34875
In base 15, what is -5e0 + -1?
-5e1
In base 6, what is -52 + 43354?
43302
In base 13, what is -2 - 287c83?
-287c85
In base 4, what is 122 + 13133203?
13133331
In base 16, what is 3bc74 - 5?
3bc6f
In base 9, what is -141 - 462?
-613
In base 4, what is -101 - -301211023?
301210322
In base 8, what is -2 - -51613?
51611
In base 5, what is 2423300334 - 0?
2423300334
In base 8, what is 30567 - -10?
30577
In base 7, what is -5 - 162353?
-162361
In base 8, what is 43 + 1555?
1620
In base 5, what is 10 - 11114000?
-11113440
In base 8, what is 162147 - -4?
162153
In base 9, what is -127505 + -15?
-127521
In base 5, what is 11444 - 42?
11402
In base 9, what is 1581457 + -4?
1581453
In base 15, what is -366 - -18?
-34d
In base 3, what is 220101210 - 12?
220101121
In base 2, what is 0 - -10101011111001?
10101011111001
In base 3, what is -102122101 - -212101?
-101210000
In base 6, what is 201123 + 4?
201131
In base 7, what is -6512404 - 6?
-6512413
In base 15, what is e50d - -9?
e517
In base 13, what is -3b63 - -4c?
-3b14
In base 15, what is 21 + 5b?
7c
In base 3, what is 12 + 121002222211?
121010000000
In base 9, what is -3 + -465604?
-465607
In base 15, what is ecc4 - 13?
ecb1
In base 2, what is 10001111100011110 - 100110?
10001111011111000
In base 16, what is bb940 + 9?
bb949
In base 15, what is -86 - -158c?
1506
In base 2, what is -110110000000100100 - 0?
-110110000000100100
In base 9, what is 188 - 128?
60
In base 8, what is -2025 - -27?
-1776
In base 2, what is 1110001010001 - -11011?
1110001101100
In base 6, what is 5402303 + -5?
5402254
In base 3, what is -1 + 121001200121?
121001200120
In base 2, what is 11 + -1100100011101?
-1100100011010
In base 8, what is -157637 - 2?
-157641
In base 16, what is -381 - -9?
-378
In base 12, what is 70 + -189a?
-182a
In base 12, what is 1a + -63a0?
-6382
In base 10, what is 1 - 40?
-39
In base 3, what is -11010201210 - 1?
-11010201211
In base 2, what is 10110110100011110011 + 0?
10110110100011110011
In base 5, what is -434 + -14?
-1003
In base 15, what is -b2 + -273?
-335
In base 3, what is -1201012102 + -10012?
-1201022121
In base 15, what is 85e4c - -5?
85e52
In base 5, what is 224 + -2024214?
-2023440
In base 14, w